 = -1352 - -1358. Let p(r) = 7*r - 7. Let z(v) = 20*v - 20. Let j(w) = 14*p(w) - 5*z(w). Calculate j(t).
-10
Let t(b) = b**3 + 4*b**2 - 5*b - 4. Let v be 0/10 + -2 + 1. Let n be v/(3 - -3) + 58/(-12). What is t(n)?
-4
Suppose 14*l = 17*l. Suppose b + l = 4, 4*y - 2*b + 4 = 0. Let c(x) = -x. Let i(w) = -7*w**2 + 2*w - 1. Let s(k) = -2*c(k) - i(k). What is s(y)?
8
Let y(l) = l**2 + 2*l - 1. Let q be 2 + -9 - (9 + -13). Determine y(q).
2
Suppose y - 21 = g - 4*y, -2*g = 5*y - 3. Suppose -12 = -3*q + 21. Let j(b) = q + b + 1 + 0*b. Give j(g).
6
Let w(u) = -2*u + 5. Let v be 6/4*12/18. Let t = v + 4. Suppose 8 = 5*n + 3*j, -t*n - 25 + 61 = -4*j. Give w(n).
-3
Suppose 0 = -f - 4*f + 30. Let h(g) = -144*g**2 + 77*g**2 + g + 73*g**2 - g**3 - 6. Determine h(f).
0
Let x(j) be the first derivative of -j**5/20 + j**4/2 - j**3/6 + 5*j**2/2 - 2*j - 4. Let g(v) be the first derivative of x(v). Let l = 52 + -46. Give g(l).
-1
Let t(x) = -x**3 + 8*x**2 + x - 3. Let b be t(8). Let c(g) = -21*g - b - 1 + 20*g. Give c(-3).
-3
Let j be 1/(11/5 - (-19)/(-95)). Let n(c) be the first derivative of j*c**2 - 2 - 2/3*c**3 - c. Calculate n(1).
-2
Let s be (-2)/(-9) - (-230)/18. Suppose -5*j = -4*j - s. Let n(x) = -x - j + 13. What is n(1)?
-1
Suppose -651 = -r + 2*w, -4*r + 2*w - 7*w = -2565. Let s be r/12 - 4/(-16). Let g be s/(-15) + 10/(-25). Let l(c) = -c**3 - 5*c**2 - 5*c - 3. Give l(g).
1
Let i = 24 - 17. Let u(j) = i - j + 0 - 10. Determine u(-7).
4
Let c(a) = a - 6. Suppose 3*m = -5*g + 15, -3*m + 5*g - 17 + 2 = 0. Give c(m).
-6
Let r(f) = -2*f**2 - 9*f + 1. Suppose 0 = -4*s - 2*p - 38, 15 = -3*s + p - 1. Give r(s).
-34
Let a = 140 + -139. Let c(p) = 5*p + 2*p + 13 - 3 - 9. Calculate c(a).
8
Let r(f) be the second derivative of -1/2*f**3 - 5/12*f**4 - 7/2*f**2 - 1/20*f**5 + 0 - 10*f. Determine r(-5).
8
Let q(l) be the first derivative of l**2/2 - 4*l - 28. Let a(g) = g - 4. Let p(j) = -5*a(j) + 6*q(j). Give p(3).
-1
Let i(l) = 5*l**3 + 7*l**2 + 16*l. Let h(m) = -9*m**3 - 14*m**2 - 30*m - 1. Let s(t) = -4*h(t) - 7*i(t). Determine s(-5).
14
Let j(g) = g**3 + 6*g**2 + g + 8. Let v(t) be the second derivative of -t**4/12 - 4*t**3/3 - 3*t**2 + 13*t. Let u be v(-8). Determine j(u).
2
Let c(x) be the second derivative of x**4/12 - 5*x**3/3 - 4*x**2 - 135*x. What is c(10)?
-8
Let b(q) = 31*q**2 - 31*q + 81. Let o(x) = 6*x**2 - 6*x + 15. Let h(s) = -2*b(s) + 11*o(s). What is h(2)?
11
Let u(w) = -w**3 + 6*w**2 + 11*w - 5. Let a be (-56)/(-7) + (0 + 2)*-2. Suppose -a = 9*d - 67. Give u(d).
23
Let n(h) be the second derivative of -h**5/20 + 5*h**4/4 + 35*h**3/6 - 12*h**2 - 1012*h. Determine n(17).
-7
Let j(s) = -9616 + 6*s + 9617 + 15*s. What is j(-1)?
-20
Let a(h) = 12*h**2 - 29*h + 19. Let d(t) = -17*t**2 + 43*t - 29. Let o(r) = 7*a(r) + 5*d(r). What is o(11)?
-1
Let o(n) be the third derivative of n**5/60 + n**4/2 - 13*n**3/6 + 444*n**2. Determine o(-13).
0
Let m(i) = -27*i + 88. Let l be m(3). Let j(o) = o**3 - 7*o**2 + o - 4. Give j(l).
3
Let p(q) = 4*q**2 + q - 1. Let j(z) = 25*z**2 + 16*z + 4. Let i(r) = -j(r) + 6*p(r). Determine i(-8).
6
Let p(s) = 6*s**2 + 2*s**2 - 14 + 12 - 20*s**2 + 11*s**2. Let d be ((-9)/(-12))/((-2)/(-8)). What is p(d)?
-11
Let j(q) = 12*q**2 + q. Let v(g) = g + 4. Let z(y) = y**2 - 4*y. Let h be z(2). Let l be v(h). Suppose 5*u + 1 - 6 = l. Determine j(u).
13
Let b(r) = -2*r - 2. Let g(y) = -y**2 - 10*y + 11. Let j be g(-9). Let l be (j/40)/(1 + 11/(-10)). Determine b(l).
8
Let p(o) = -6*o**2 + 0 - 2 + 12 - 12*o + 0*o**2 - 5*o + o**3. What is p(8)?
2
Suppose 4*n - 9 = w, n - 7 = -2*n + w. Suppose 2*r = 4*s - 48, n*s - r - 48 = -6*r. Let k = s + -12. Let t(a) = a - 1. Give t(k).
1
Let a(r) = -2*r + 5. Let t(y) = -y**2 - y - 5. Let d be t(0). Let h be 0 - (3 + -2 + (-15)/d). Give a(h).
13
Let c(u) be the third derivative of u**6/120 + 7*u**5/60 - 3*u**4/8 - 11*u**3/6 + 152*u**2 + 2*u. What is c(-8)?
-3
Let p be 13 - (3 - (-12)/(-3)). Suppose -5 = -3*v - 2*n + p, -5*v + 5*n - 10 = 0. Let t(f) be the first derivative of f**2 - 2*f + 5. What is t(v)?
4
Suppose -21*o + 16*o - 23 = -3*c, -2*o + c - 10 = 0. Let p(u) = -3*u - 20. What is p(o)?
1
Let x(d) = 4 - 28*d + 27*d - 3 + 6 - d**2. Determine x(-4).
-5
Let j(w) be the third derivative of -w**5/60 + w**4/24 - 31*w**3/6 - 3*w**2. Let l(r) be the first derivative of j(r). Determine l(1).
-1
Let u(q) be the second derivative of q**3/6 + 3*q**2 - 7*q. Let s(v) = v**2 + 7*v - 7. Let a = -12 + 5. Let i be s(a). Determine u(i).
-1
Let a(p) = -p**3 + 9*p**2 + 6*p - 3. Suppose -4*g - 5*q + 60 = 0, -50 = -175*g + 172*g - 5*q. What is a(g)?
-43
Suppose 2 = 4*f - 2. Let p(g) = -2*g**3 - 33*g**2 + 32*g**2 + 3*g**3 - f + 8. Give p(0).
7
Let w be (-11 - -2) + 10 + 7. Let i(r) = -r**3 + 9*r**2 - 11*r - 6. Calculate i(w).
-30
Let r(d) = -d**3 - 2*d**2 + 10*d + 2. Let m be r(-4). Let l(t) = 4*t + 14. Calculate l(m).
-10
Let n(k) be the third derivative of -k**5/60 - k**4/24 + 11*k**3/6 - 165*k**2. Let s be ((0/4)/(-3))/(-2). Calculate n(s).
11
Let t be -6 + 7 + -1*1. Suppose 10 = 4*o + p + 3, -5*o + 4*p - 7 = t. Let d(u) = -2*u - 5*u + u**3 + 4*u - o - 3*u**2. Give d(4).
3
Let u = -478 - -474. Let t(q) = 0 - 2 - 2*q + 3*q - q**2. Determine t(u).
-22
Let f(i) = -i**3 - 11*i**2 + i + 13. Let g(r) = -2*r**2 + 13*r + 10. Let m be g(7). Suppose m*w - 77 = 10*w. Give f(w).
2
Let u(l) = -9*l**3 + 9*l**2 - 3*l + 8*l**3 - 5*l. What is u(8)?
0
Let j(p) = -2*p. Let l(z) = -9*z. Let r(y) = -4*j(y) + l(y). Give r(3).
-3
Let a(h) = 16*h**2 - h - 1. Suppose 3*i = -2*u - 1, 0 = i - 4*i - 5*u + 2. Give a(i).
16
Let j be (-6)/(-1*(1 - 7 - -5)). Let h(t) = 23*t**2 - 22*t**2 - 2 + 8*t + 5 + 6. What is h(j)?
-3
Let w(r) be the first derivative of r**4/4 - 3*r**3 + 3*r**2 + 6*r + 507. Calculate w(8).
-10
Let i(h) = -2*h + 11. Let t be i(5). Let o(u) = u + 11. Let d be o(-6). Let b(g) = -2*g**2 + 5*g**2 + d*g**2 - 3*g**2. What is b(t)?
5
Suppose -17 = 4*f - 5. Let x be (-1)/(f/(-3) - 2). Let y be -3*(-1)/1*x. Let u(r) = -r + 7. Calculate u(y).
4
Let h be (-53)/(-7) - 6/28*-2. Let o(v) be the second derivative of -v**3/6 + v**2 + v. Let m be o(h). Let n(r) = -r**3 - 7*r**2 - 5*r + 6. Determine n(m).
0
Let k(a) = 13*a + 17. Let b(n) = -24*n - 30. Let y(p) = 6*b(p) + 11*k(p). Calculate y(5).
2
Let p(o) = o**2 + 3. Suppose 61 = 2*z + 67. Let i(d) = d**2 - d + 3. Let n(l) = z*p(l) + 4*i(l). What is n(7)?
24
Suppose -8*s + 3 = -7*s. Suppose -6*k = -s*k + 36. Let w be (-2)/7 - k/(-7). Let j(c) = c**2 + 3*c. What is j(w)?
-2
Let b(j) = j**2 - 3*j + 6. Let k(o) = 2*o**2 + o + 1. Let r(s) = -b(s) + k(s). Determine r(-4).
-5
Let x(p) = 3*p**3 - 2*p**2 - 2*p. Let d(n) = 10*n**3 - 8*n**2 - 18*n + 14. Let q(h) = -d(h) + 3*x(h). Determine q(4).
2
Let w(c) = c**3 - 2*c**2 - 2*c - 5. Let v be w(5). Let h be v/35*7/2. Let x(b) = 5*b + 4 - 2*b - b. Calculate x(h).
16
Let j(i) = -3*i. Suppose -52 = -2*m - 5*p, 5*m = -0*p + 4*p + 64. Let a = -14 + m. Calculate j(a).
-6
Let b(n) = n**2 - 8*n - 5. Suppose -5*f + 33 = c, 0 = -5*f + 2*c + 50 - 11. Give b(f).
-12
Let h(k) be the third derivative of k**6/120 + 2*k**5/15 - k**4/24 - 2*k**3/3 + 17*k**2. Give h(-8).
4
Let q(l) = l. Let g(n) = -4*n - 1. Let h(j) = g(j) + 5*q(j). Let a = -18 - -43. Suppose 0*c - 5*c - a = 0. Give h(c).
-6
Let p(v) be the third derivative of v**5/30 - v**4/12 + v**3/2 - 2*v**2. Let d(g) = -31*g + 33. Let j be d(1). What is p(j)?
7
Let u(i) = -i**3 + i**2 + 1. Let y(c) = 4*c**3 + 55*c - 27*c - 28*c - 3*c**2 - 3. Let v(d) = 5*u(d) + y(d). Determine v(3).
-7
Let f(g) = g**3 + 3*g**2 + 2*g + 4. Let v(o) = o. Let b = 51 + -50. Let x(y) = b*v(y) + f(y). Calculate x(-3).
-5
Let z be (-30)/(-4)*36/(-27). Let o = z - -16. Let j(r) = -r**3 + 3 - r - o*r**2 + 3*r**2 + 5*r. Determine j(-4).
3
Let q(l) be the second derivative of -l**3/6 - 5*l**2/2 + 22*l. Let f be -5 + 1 + 1 + -1*1. Determine q(f).
-1
Let j(h) = -4*h**2 + 4*h - 6. Let b(z) be the third derivative of z**5/12 - z**4/8 + 7*z**3/6 - 8*z**2. Let q(d) = -5*b(d) - 6*j(d). Give q(-8).
9
Let i = 101 - 67. Suppose -4*j + 4*o = -124, j + o - 13 = -4*o. Let r = i - j. Let g(p) = -p**2 + 7*p - 3. What is g(r)?
3
Suppose 0 = -131*k + 177 - 1356. Let d(c) = 3*c + 22. Determine d(k).
-5
Let h(j) = -j**2 - 8*j - 16. Let v be h(-6). Let b(u) = u